{"id":57,"date":"2018-11-07T09:45:41","date_gmt":"2018-11-07T08:45:41","guid":{"rendered":"http:\/\/cd67tt.com\/?page_id=57"},"modified":"2018-12-06T13:05:31","modified_gmt":"2018-12-06T12:05:31","slug":"charte-promotionnelle","status":"publish","type":"page","link":"https:\/\/cd67tt.com\/index.php\/charte-promotionnelle\/","title":{"rendered":"Charte promotionnelle"},"content":{"rendered":"<h3>Pr\u00e9sentation g\u00e9n\u00e9rale :<img loading=\"lazy\" decoding=\"async\" class=\"alignright wp-image-403 size-thumbnail\" src=\"https:\/\/cd67tt.com\/wp-content\/uploads\/2018\/12\/Charte_promotionnelle-150x150.png\" alt=\"\" width=\"150\" height=\"150\" srcset=\"https:\/\/cd67tt.com\/wp-content\/uploads\/2018\/12\/Charte_promotionnelle-150x150.png 150w, https:\/\/cd67tt.com\/wp-content\/uploads\/2018\/12\/Charte_promotionnelle-80x80.png 80w, https:\/\/cd67tt.com\/wp-content\/uploads\/2018\/12\/Charte_promotionnelle.png 256w\" sizes=\"auto, (max-width: 150px) 100vw, 150px\" \/><\/h3>\n<ul>\n<li>Possibilit\u00e9 pour chaque club bas-rhinois le souhaitant d\u2019emprunter au CDTT67 du mat\u00e9riel ou des outils p\u00e9dagogiques, et\/ou de b\u00e9n\u00e9ficier de l\u2019aide d\u2019un technicien pour la mise en \u0153uvre d\u2019une action de promotion ou de recrutement de nouveaux adh\u00e9rents.<\/li>\n<li>La mise \u00e0 disposition d\u2019un technicien ou de mat\u00e9riels ne pourra se faire \u00e0 \u00ab\u00a0titre gracieux\u00a0\u00bb qu\u2019une seule fois dans l\u2019ann\u00e9e pour le club demandeur<\/li>\n<\/ul>\n<p><i>Pour plus d\u2019informations -&gt; contact Bernard SIMONIN au 06-82-28-97-72 ou bernard.simonin@yahoo.fr<\/i><\/p>\n<p>&nbsp;<\/p>\n<hr \/>\n<p><a href=\"https:\/\/cd67tt.com\/wp-content\/uploads\/2018\/12\/AFFICHES-DEVELOPPEMENT-CD67_A4.pdf\" target=\"_blank\" rel=\"noopener\">T\u00e9l\u00e9charger l&rsquo;affiche des services aux clubs propos\u00e9s pour la saison 2018-2019<\/a><\/p>\n","protected":false},"excerpt":{"rendered":"<p>Pr\u00e9sentation g\u00e9n\u00e9rale : Possibilit\u00e9 pour chaque club bas-rhinois le souhaitant d\u2019emprunter au CDTT67 du mat\u00e9riel ou des outils p\u00e9dagogiques, et\/ou de b\u00e9n\u00e9ficier de l\u2019aide d\u2019un technicien pour la mise en \u0153uvre d\u2019une action de promotion ou de recrutement de nouveaux adh\u00e9rents. La mise \u00e0 disposition d\u2019un technicien ou de mat\u00e9riels ne pourra se faire \u00e0 [&hellip;]<\/p>\n","protected":false},"author":2,"featured_media":0,"parent":0,"menu_order":0,"comment_status":"closed","ping_status":"closed","template":"","meta":{"footnotes":""},"class_list":["post-57","page","type-page","status-publish","hentry"],"_links":{"self":[{"href":"https:\/\/cd67tt.com\/index.php\/wp-json\/wp\/v2\/pages\/57","targetHints":{"allow":["GET"]}}],"collection":[{"href":"https:\/\/cd67tt.com\/index.php\/wp-json\/wp\/v2\/pages"}],"about":[{"href":"https:\/\/cd67tt.com\/index.php\/wp-json\/wp\/v2\/types\/page"}],"author":[{"embeddable":true,"href":"https:\/\/cd67tt.com\/index.php\/wp-json\/wp\/v2\/users\/2"}],"replies":[{"embeddable":true,"href":"https:\/\/cd67tt.com\/index.php\/wp-json\/wp\/v2\/comments?post=57"}],"version-history":[{"count":0,"href":"https:\/\/cd67tt.com\/index.php\/wp-json\/wp\/v2\/pages\/57\/revisions"}],"wp:attachment":[{"href":"https:\/\/cd67tt.com\/index.php\/wp-json\/wp\/v2\/media?parent=57"}],"curies":[{"name":"wp","href":"https:\/\/api.w.org\/{rel}","templated":true}]}}