{"id":69,"date":"2018-11-07T09:47:15","date_gmt":"2018-11-07T08:47:15","guid":{"rendered":"http:\/\/cd67tt.com\/?page_id=69"},"modified":"2019-05-30T11:02:07","modified_gmt":"2019-05-30T09:02:07","slug":"ping-4-7-ans","status":"publish","type":"page","link":"https:\/\/cd67tt.com\/index.php\/ping-4-7-ans\/","title":{"rendered":"Ping 4-7 ans"},"content":{"rendered":"\n<div class=\"wp-block-image\"><figure class=\"aligncenter is-resized\"><img loading=\"lazy\" decoding=\"async\" src=\"https:\/\/cd67tt.com\/wp-content\/uploads\/2019\/05\/logo_4_7_ans.jpg\" alt=\"\" class=\"wp-image-1571\" width=\"443\" height=\"263\" srcset=\"https:\/\/cd67tt.com\/wp-content\/uploads\/2019\/05\/logo_4_7_ans.jpg 591w, https:\/\/cd67tt.com\/wp-content\/uploads\/2019\/05\/logo_4_7_ans-300x178.jpg 300w\" sizes=\"auto, (max-width: 443px) 100vw, 443px\" \/><\/figure><\/div>\n\n\n\n<p>Afin de d\u00e9velopper le public 4-7 ans dans nos clubs, la FFTT a mis en place le programme d&rsquo;actions suivant :<\/p>\n\n\n\n<ul class=\"wp-block-list\"><li>Un outil p\u00e9dagogique, le \u00ab guide du ping 4-7 ans \u00bb, \u00e0 destination des animateurs de clubs.  A signaler que le DVD \u00ab 4-7 ans \u00bb est \u00e9galement toujours accessible sur la <a rel=\"noreferrer noopener\" aria-label=\"boutique FFTT (s\u2019ouvre dans un nouvel onglet)\" href=\"http:\/\/boutiquedutt.com\/27-ping-des-47ans\" target=\"_blank\">boutique FFTT<\/a> ;<\/li><li>Un cursus renouvel\u00e9 de formation des cadres techniques pour promouvoir l\u2019animation des 4-7 ans, du 1er degr\u00e9 f\u00e9d\u00e9ral (initiateur de club) au BPJEPS \u00ab \u00e9ducateur tennis de table \u00bb, d\u00e8s septembre 2018 ;<\/li><li><a rel=\"noreferrer noopener\" aria-label=\"Un acc\u00e8s facilit\u00e9 \u00e0 du mat\u00e9riel (s\u2019ouvre dans un nouvel onglet)\" href=\"http:\/\/boutiquedutt.com\/27-ping-des-47ans\" target=\"_blank\">Un acc\u00e8s facilit\u00e9 \u00e0 du mat\u00e9riel<\/a> adapt\u00e9 \u00e0 ce public pour les diverses structures, notamment par l\u2019achat en petits lots de raquettes Panda, de balles sp\u00e9cifiques\u2026 ;<\/li><li>Une mise en lumi\u00e8re particuli\u00e8re via les nombreuses animations li\u00e9es \u00e0 l\u2019op\u00e9ration \u00ab semaine nationale du ping 4-7 ans \u00bb, d\u00e9but juin, chaque ann\u00e9e sur tout le territoire national ;<\/li><li>Un <a rel=\"noreferrer noopener\" aria-label=\"label f\u00e9d\u00e9ral \u00ab ping 4-7 ans \u00bb (s\u2019ouvre dans un nouvel onglet)\" href=\"https:\/\/fr.calameo.com\/read\/004224089b29f742907d1\" target=\"_blank\">label f\u00e9d\u00e9ral \u00ab ping 4-7 ans \u00bb<\/a> avec des crit\u00e8res actualis\u00e9s, une cartographie des clubs labellis\u00e9s et une mise en valeur plus forte de ces structures ;<\/li><li>Une promotion de ce programme 4-7 ans aupr\u00e8s de chaque ligue lors de la saison 2018\/2019, et la cr\u00e9ation d\u2019un r\u00e9seau de r\u00e9f\u00e9rents 4-7 ans au sein de chaque comit\u00e9 et ligue ;<\/li><li><a href=\"http:\/\/www.fftt.com\/site\/jouer\/les-pratiques\/ping-4-7-ans\" target=\"_blank\" rel=\"noreferrer noopener\" aria-label=\"Une page d\u00e9di\u00e9e du site FFTT (s\u2019ouvre dans un nouvel onglet)\">Une page d\u00e9di\u00e9e du site FFTT<\/a>, avec acc\u00e8s \u00e0 des documents d\u2019aide p\u00e9dagogique ou administrative, ainsi que des informations sur l\u2019actualit\u00e9 des structures aupr\u00e8s du public 4-7 ans.<\/li><\/ul>\n\n\n\n<div class=\"wp-block-media-text alignwide is-stacked-on-mobile\"><figure class=\"wp-block-media-text__media\"><img loading=\"lazy\" decoding=\"async\" width=\"292\" height=\"413\" src=\"https:\/\/cd67tt.com\/wp-content\/uploads\/2019\/05\/couv-4-7-ans.png\" alt=\"\" class=\"wp-image-1572\" srcset=\"https:\/\/cd67tt.com\/wp-content\/uploads\/2019\/05\/couv-4-7-ans.png 292w, https:\/\/cd67tt.com\/wp-content\/uploads\/2019\/05\/couv-4-7-ans-212x300.png 212w\" sizes=\"auto, (max-width: 292px) 100vw, 292px\" \/><\/figure><div class=\"wp-block-media-text__content\">\n<p><strong>Le \u00ab guide du ping 4-7 ans \u00bb <\/strong><\/p>\n\n\n\n<p class=\"has-background has-very-light-gray-background-color\">Celui-ci propose pas moins de 128 ateliers cl\u00e9s en main r\u00e9partis sur 32 s\u00e9ances adapt\u00e9es, qui permettent aux enfants de d\u00e9couvrir l&rsquo;activit\u00e9 tennis de table et d\u00e9velopper leurs habilet\u00e9s motrices tout en s&rsquo;amusant. A moyen terme, ces s\u00e9ances seront \u00e9galement disponibles en vid\u00e9o. <\/p>\n<\/div><\/div>\n\n\n\n<p><strong>En lien avec ce public, la FFTT et la Ligue du Grand Est ont mis en place des actions \u00e0 destination des scolaires que nous vous invitons \u00e0 d\u00e9couvrir dans la <\/strong><a href=\"https:\/\/cd67tt.com\/index.php\/milieu-scolaire\/\"><strong>partie d\u00e9di\u00e9e du site<\/strong><\/a><strong>.<\/strong><\/p>\n","protected":false},"excerpt":{"rendered":"<p>Afin de d\u00e9velopper le public 4-7 ans dans nos clubs, la FFTT a mis en place le programme d&rsquo;actions suivant : Un outil p\u00e9dagogique, le \u00ab guide du ping 4-7 ans \u00bb, \u00e0 destination des animateurs de clubs. A signaler que le DVD \u00ab 4-7 ans \u00bb est \u00e9galement toujours accessible sur la boutique FFTT [&hellip;]<\/p>\n","protected":false},"author":2,"featured_media":0,"parent":0,"menu_order":0,"comment_status":"closed","ping_status":"closed","template":"","meta":{"footnotes":""},"class_list":["post-69","page","type-page","status-publish","hentry"],"_links":{"self":[{"href":"https:\/\/cd67tt.com\/index.php\/wp-json\/wp\/v2\/pages\/69","targetHints":{"allow":["GET"]}}],"collection":[{"href":"https:\/\/cd67tt.com\/index.php\/wp-json\/wp\/v2\/pages"}],"about":[{"href":"https:\/\/cd67tt.com\/index.php\/wp-json\/wp\/v2\/types\/page"}],"author":[{"embeddable":true,"href":"https:\/\/cd67tt.com\/index.php\/wp-json\/wp\/v2\/users\/2"}],"replies":[{"embeddable":true,"href":"https:\/\/cd67tt.com\/index.php\/wp-json\/wp\/v2\/comments?post=69"}],"version-history":[{"count":0,"href":"https:\/\/cd67tt.com\/index.php\/wp-json\/wp\/v2\/pages\/69\/revisions"}],"wp:attachment":[{"href":"https:\/\/cd67tt.com\/index.php\/wp-json\/wp\/v2\/media?parent=69"}],"curies":[{"name":"wp","href":"https:\/\/api.w.org\/{rel}","templated":true}]}}